
3
Let u be 6/12*104/2. Suppose 0 = -a - 2*n + 9 + 2, 0 = a - n - u. Suppose 11 + a = 2*r. What is the greatest common divisor of r and 176?
16
Suppose 3*i + 2*p - 13 - 11 = 0, 3*p + 59 = 5*i. What is the greatest common divisor of 30 and i?
10
Let n(r) = r**3 + 4*r**2 + r + 3. Suppose -3*b = 4 + 5. Let z be n(b). Suppose 5*w + q = 359, -2*q + 76 = w - 6*q. What is the highest common factor of z and w?
9
Let b be 112 + 2/(1 - 2). Calculate the highest common factor of b and 10.
10
Suppose 4*y - 5*y = 13. Let r = y - -133. Calculate the greatest common factor of 48 and r.
24
Let y(n) = n**2 - 11*n - 1. Let j be y(12). Suppose 4*k - 102 = 30. Suppose 2*l + l - k = 0. Calculate the greatest common factor of j and l.
11
Suppose 3 + 0 = -q. Let j = q + 5. Let g be (-382)/(-4) + j/4. Calculate the highest common divisor of 12 and g.
12
Suppose -5*b + 5*m - 2*m = 20, 0 = 5*b - 5*m + 30. Let j(f) = -10*f**3 + 2*f**2 + f. Let z be j(b). Calculate the highest common divisor of 11 and z.
11
Let s be 0/(0 - 1) - -18. Let a be (s/(-3))/(-2*1). Let o = a - -4. What is the greatest common factor of 21 and o?
7
Suppose -2*g = -3*j - 7*g + 36, 0 = -2*j - g + 17. Calculate the greatest common factor of 7 and j.
7
Let y be (-2)/(-10) - 178/(-10). Suppose -30 = -5*s + 3*q + 2*q, -y = -2*s - q. What is the greatest common divisor of 1 and s?
1
Let g = 14 + -6. Let a be -16*2*(-2)/g. What is the highest common factor of 32 and a?
8
Suppose -5*o + 2*o = -135. What is the highest common divisor of o and 15?
15
Let b(t) = 3*t**2 + 9*t + 3. Let r be b(-6). Calculate the greatest common divisor of r and 19.
19
Let u(y) = y**3 + 15*y**2 + 11*y - 31. Let c be u(-14). What is the highest common divisor of 11 and c?
11
Let w(f) = f**3 + 2*f**2. Let o = -4 - -18. Let u be (-36)/(-21) + 4/o. Let x be w(u). What is the highest common divisor of 16 and x?
16
Let z(n) = -59*n - 5. Let i be z(-2). Let o = i + -61. What is the greatest common divisor of o and 13?
13
Let c be 2/(-4) + 3/2. Let y be (2/(-4) + c)*6. Calculate the greatest common factor of y and 24.
3
Let k(s) = 5*s**2 + s - 6. Let t be k(2). Calculate the greatest common factor of t and 2.
2
Let s be 1/(-3 - -4) - (6 - 6). What is the highest common divisor of s and 7?
1
Let i be 1/(-2*(-2)/(-12)). Let x be (2/5)/(i/(-45)). Suppose 35 = -4*a + 131. Calculate the greatest common divisor of x and a.
6
Suppose 180 = 5*o - o. Let z = 21 + -6. Calculate the highest common divisor of o and z.
15
Let q(m) = m**2 - 2*m - 4. Let w be q(4). Suppose w*r - 36 = 2*r. Suppose -3*o + 9 = 3. What is the highest common divisor of r and o?
2
Suppose 4*a + 0*a = -2*f + 24, -3*a + 32 = -2*f. What is the highest common divisor of a and 6?
2
Suppose -3*d + 4*x = 14, -x = -5*x + 8. Let t be -3 - -2*(-5)/d. Suppose 156 - 444 = -t*g. Calculate the greatest common divisor of g and 16.
16
Let y(u) = -u**3 + 5*u**2 - u - 5. Let d be y(4). Suppose -d = -2*g + 5. Let n(c) = -8*c - 6. Let k be n(-6). Calculate the highest common divisor of k and g.
6
Let v(u) = -u**3 - 10*u**2 + 8*u - 24. Let t be v(-11). Suppose 6*i + 2*n = 3*i + 1, -4*i + 4 = 2*n. What is the greatest common factor of t and i?
3
Suppose 0 = -2*h - 3*q + 39, -3*h + 14 = 5*q - 47. What is the greatest common divisor of 6 and h?
6
Suppose 8*i = 12*i. Suppose -6*a + 55 = -2*a + 3*c, 4*a - 3*c - 73 = i. Calculate the greatest common factor of a and 4.
4
Let u = -208 + 214. Let f(d) = 3*d**2 + 8*d - 6. Let y be f(-6). What is the highest common factor of u and y?
6
Let d be 6 - ((-16)/(-4))/1. Suppose -d*p = -5*p + 66. Calculate the highest common factor of p and 198.
22
Let p = -18 + 133. What is the highest common factor of p and 23?
23
Let y(b) = -b**3 + 5*b**2 + 6*b. Let u be y(6). Suppose u = 2*i + i - 9. What is the greatest common factor of i and 15?
3
Let x(w) = 2*w**2 - 5*w - 14. Let l be x(6). What is the greatest common divisor of 112 and l?
28
Let h(l) = -3*l**3 - 2*l - 1. Let r be h(-1). Suppose 0 = r*d - 617 - 7. Let s = -93 + d. Calculate the highest common factor of s and 21.
21
Let r = 15 - 11. Let w = 10 - 6. Suppose w*i + b - 27 = 0, -i + 1 = 2*b + 3. What is the highest common factor of i and r?
4
Suppose 0 = -5*i + 2*s + 1, -i - i - 5*s + 12 = 0. What is the highest common factor of i and 1?
1
Let g(z) = 55*z**3 + z**2. Let w be g(1). Calculate the highest common factor of 7 and w.
7
Let f be -1 - ((4 - 0) + -6). Suppose t + 4*w - 2 = 3*t, 4*w = -5*t + 9. What is the greatest common factor of f and t?
1
Let d = -4 - -7. Suppose 3*p + 25 = -h + 130, 5*h = d*p - 87. Let m be ((-2)/(-4))/(1/p). What is the greatest common divisor of 119 and m?
17
Suppose 0 = 6*f - 4*f. Suppose m + 3 - 25 = f. Calculate the highest common divisor of 11 and m.
11
Suppose -2*v + 2*n = 0, 2*v - 3*n = -7*n + 18. Suppose -57 = -4*x + 75. What is the highest common divisor of v and x?
3
Suppose 0 = -u + s - 27, u - 5*u - s = 123. Let m be (-3)/(3/u*3). What is the greatest common divisor of 30 and m?
10
Let d(k) be the first derivative of 3/2*k**2 - 1/4*k**4 - 1 + 6*k - 4/3*k**3. Let z be d(-5). Calculate the highest common divisor of z and 80.
16
Let l(o) = 2*o + 4. Let b be l(-5). Let y be (3 - (-3)/b)*6. What is the highest common divisor of 75 and y?
15
Let z be -6 + (-3)/(-9)*3. Let f = z - -13. What is the highest common factor of f and 24?
8
Suppose 849 = 7*r - 19. Calculate the greatest common divisor of r and 62.
62
Let x be 2 + (-12)/(-4) - -2. Let k(p) = p**2 - 2. Let i be k(4). Calculate the highest common factor of x and i.
7
Let w(a) = -51*a + 3. Let p be w(-1). What is the greatest common divisor of 27 and p?
27
Let p be (0 + (-12)/9)*(-45)/10. Let x = 68 + -2. What is the highest common divisor of p and x?
6
Let y be 14/4 - (-2)/4. Suppose -2*j + 5*j - 6 = 0. Suppose -1 = -3*r + j. Calculate the greatest common divisor of y and r.
1
Suppose -9*u - 51 = -10*u. Calculate the greatest common divisor of u and 3.
3
Suppose 9 = n - 2. Suppose a - 108 = -20. What is the highest common divisor of n and a?
11
Suppose -2*f + 1 = -19. Calculate the highest common divisor of f and 25.
5
Let y(q) be the third derivative of -q**6/120 - 7*q**5/60 + 7*q**4/24 + 11*q**3/6 - q**2. Let d be y(-8). Calculate the highest common divisor of d and 19.
19
Let g(n) = 5*n**2 + 3*n + 6 - 3*n - 4*n - n**3. Let s be g(4). What is the highest common factor of s and 42?
6
Let k = 77 - 68. Let n = -18 - -45. What is the greatest common divisor of n and k?
9
Let f(c) = c**3 + 8*c**2 + c + 6. Let p be f(-8). Let g be (p/(-1))/2 + 1. Calculate the highest common factor of 14 and g.
2
Suppose 0 = -3*w + 107 + 19. Calculate the highest common factor of 6 and w.
6
Let u(k) be the second derivative of -25*k**3/6 + k**2/2 + 3*k. Let g be u(-1). Calculate the greatest common divisor of g and 13.
13
Let t be (-1)/1 - 8*-1. Let b = 13 + -8. Suppose 3*c = b*c - 28. Calculate the highest common divisor of t and c.
7
Let l be (-11)/(-2 - (-3)/2). Let s = 38 - l. Calculate the highest common divisor of s and 8.
8
Let m be 0*2/4*-1. Suppose m*q = -q. Let w = q - -6. What is the greatest common divisor of 66 and w?
6
Let u = 277 + -232. Suppose 2*p - 7 = -3*l, 6*l = -5*p + 5*l + 24. Calculate the highest common factor of p and u.
5
Let z(w) = -w**3 - w**2 + 2*w + 10. Let x be z(0). What is the highest common divisor of 2 and x?
2
Suppose -3*q + 144 = q. Suppose -z + 4 = -3*z - 2*p, 0 = 4*z - 3*p - 13. Let i = z + 3. What is the greatest common factor of q and i?
4
Suppose -2*v = 4*d - 1034, -590 = 5*d - 2*v - 1860. Calculate the highest common divisor of 32 and d.
32
Let m(i) = i**2 - 5*i + 2. Let z be m(6). Let c = z + 10. Suppose 5*v - 4*j = 33, 0 = -4*j + 10 + 2. What is the greatest common divisor of c and v?
9
Let u(a) = a**3 - 1. Let t(s) = 4*s**3 + 11*s**2 + 10*s + 7. Let z(k) = -t(k) + 5*u(k). Let l be z(12). Calculate the greatest common factor of 8 and l.
4
Suppose 0 = c - 3 - 1. Let k be 131 + c*(-2)/(-4). What is the greatest common factor of k and 19?
19
Let j = 38 - 11. Let r be (-6)/((-24)/18*(-3)/(-2)). Calculate the greatest common factor of r and j.
3
Suppose m - 6*m = 10, -5*m - 16 = 3*b. Let a be b*2*(1 - 2). Suppose -5*r = 5*p, -3*r = -a + 19. What is the highest common divisor of p and 15?
5
Suppo